{"id":552,"date":"2022-11-07T10:48:17","date_gmt":"2022-11-07T10:48:17","guid":{"rendered":"https:\/\/rot-weisse-husaren.de\/?page_id=552"},"modified":"2025-05-25T10:45:43","modified_gmt":"2025-05-25T09:45:43","slug":"garde","status":"publish","type":"page","link":"https:\/\/rot-weisse-husaren.de\/?page_id=552","title":{"rendered":"Garde"},"content":{"rendered":"<figure id=\"attachment_1869\" aria-describedby=\"caption-attachment-1869\" style=\"width: 640px\" class=\"wp-caption aligncenter\"><img loading=\"lazy\" decoding=\"async\" class=\"wp-image-1869 size-large\" src=\"https:\/\/rot-weisse-husaren.de\/wp-content\/uploads\/2023\/07\/Garde-1024x577.jpg\" alt=\"\" width=\"640\" height=\"361\" srcset=\"https:\/\/rot-weisse-husaren.de\/wp-content\/uploads\/2023\/07\/Garde-1024x577.jpg 1024w, https:\/\/rot-weisse-husaren.de\/wp-content\/uploads\/2023\/07\/Garde-300x169.jpg 300w, https:\/\/rot-weisse-husaren.de\/wp-content\/uploads\/2023\/07\/Garde-768x433.jpg 768w, https:\/\/rot-weisse-husaren.de\/wp-content\/uploads\/2023\/07\/Garde.jpg 1034w\" sizes=\"auto, (max-width: 640px) 100vw, 640px\" \/><figcaption id=\"caption-attachment-1869\" class=\"wp-caption-text\">Garde 2023<\/figcaption><\/figure>\n<hr \/>\n<p class=\"s5\" style=\"text-align: center;\"><span class=\"s4\">Das Gardeballett ist aus dem Verein schon lange nicht mehr wegzudenken und bringt jedes Jahr einen schwungvollen Tanz auf die B\u00fchne.<\/span><\/p>\n<p class=\"s5\" style=\"text-align: center;\"><span class=\"s4\">Seit dem Jahr 2024 erstrahlen die T\u00e4nzerinnen und T\u00e4nzer mit ihren neuen Tanzuniformen in neuen Glanz.<br \/>\n<\/span><span class=\"s4\">Wer Lust hat sich unserer, j\u00e4hrlich weiter wachsenden Gruppe anzuschlie\u00dfen, ist herzlich eingeladen.<\/span><\/p>\n<p class=\"s5\" style=\"text-align: center;\"><span class=\"s4\">Wenn ihr noch Fragen habt, meldet uns gerne bei uns!<\/span><span class=\"s4\"><br \/>\n<\/span><\/p>\n<p class=\"s5\" style=\"text-align: center;\"><span class=\"s4\">Trainiert wird jeden Dienstag von 18:30 Uhr \u2013 20:00 Uhr in der Berufsbildenden Schule in Andernach.<\/span><\/p>\n<p class=\"s5\" style=\"text-align: center;\"><strong>Trainerinnen<\/strong>:<\/p>\n<p class=\"s5\" style=\"text-align: center;\"><span class=\"s4\">Insta: garde_rwh_andernach<\/span><\/p>\n<p class=\"s5\" style=\"text-align: center;\"><span class=\"s4\">Anna Moldenhauer: 0176-83083206<br \/>\n<\/span>Nina Gerhard: 0173-4941703<\/p>\n<p style=\"text-align: center;\"><strong><a href=\"mailto:garde@rot-weisse-husaren.de\">Mail schreiben<\/a><\/strong><\/p>\n<p style=\"text-align: center;\">Wir freuen uns auf euch!<\/p>\n<hr \/>\n<p style=\"text-align: center;\"><img loading=\"lazy\" decoding=\"async\" class=\"aligncenter size-full wp-image-553\" src=\"https:\/\/rot-weisse-husaren.de\/wp-content\/uploads\/2022\/11\/IMG_4808.jpg\" alt=\"\" width=\"652\" height=\"434\" srcset=\"https:\/\/rot-weisse-husaren.de\/wp-content\/uploads\/2022\/11\/IMG_4808.jpg 652w, https:\/\/rot-weisse-husaren.de\/wp-content\/uploads\/2022\/11\/IMG_4808-300x200.jpg 300w\" sizes=\"auto, (max-width: 652px) 100vw, 652px\" \/><\/p>\n","protected":false},"excerpt":{"rendered":"<p>Das Gardeballett ist aus dem Verein schon lange nicht mehr wegzudenken und bringt jedes Jahr einen schwungvollen Tanz auf die B\u00fchne. Seit dem Jahr 2024 erstrahlen die T\u00e4nzerinnen und T\u00e4nzer [&hellip;]<\/p>\n","protected":false},"author":1,"featured_media":0,"parent":192,"menu_order":0,"comment_status":"closed","ping_status":"closed","template":"","meta":{"footnotes":""},"class_list":["post-552","page","type-page","status-publish","hentry","entry"],"_links":{"self":[{"href":"https:\/\/rot-weisse-husaren.de\/index.php?rest_route=\/wp\/v2\/pages\/552","targetHints":{"allow":["GET"]}}],"collection":[{"href":"https:\/\/rot-weisse-husaren.de\/index.php?rest_route=\/wp\/v2\/pages"}],"about":[{"href":"https:\/\/rot-weisse-husaren.de\/index.php?rest_route=\/wp\/v2\/types\/page"}],"author":[{"embeddable":true,"href":"https:\/\/rot-weisse-husaren.de\/index.php?rest_route=\/wp\/v2\/users\/1"}],"replies":[{"embeddable":true,"href":"https:\/\/rot-weisse-husaren.de\/index.php?rest_route=%2Fwp%2Fv2%2Fcomments&post=552"}],"version-history":[{"count":7,"href":"https:\/\/rot-weisse-husaren.de\/index.php?rest_route=\/wp\/v2\/pages\/552\/revisions"}],"predecessor-version":[{"id":2750,"href":"https:\/\/rot-weisse-husaren.de\/index.php?rest_route=\/wp\/v2\/pages\/552\/revisions\/2750"}],"up":[{"embeddable":true,"href":"https:\/\/rot-weisse-husaren.de\/index.php?rest_route=\/wp\/v2\/pages\/192"}],"wp:attachment":[{"href":"https:\/\/rot-weisse-husaren.de\/index.php?rest_route=%2Fwp%2Fv2%2Fmedia&parent=552"}],"curies":[{"name":"wp","href":"https:\/\/api.w.org\/{rel}","templated":true}]}}

<figure id="attachment_1869" aria-describedby="caption-attachment-1869" style="width: 640px" class="wp-caption aligncenter"><img loading="lazy" decoding="async" class="wp-image-1869 size-large" src="https://rot-weisse-husaren.de/wp-content/uploads/2023/07/Garde-1024x577.jpg" alt="" width="640" height="361" srcset="https://rot-weisse-husaren.de/wp-content/uploads/2023/07/Garde-1024x577.jpg 1024w, https://rot-weisse-husaren.de/wp-content/uploads/2023/07/Garde-300x169.jpg 300w, https://rot-weisse-husaren.de/wp-content/uploads/2023/07/Garde-768x433.jpg 768w, https://rot-weisse-husaren.de/wp-content/uploads/2023/07/Garde.jpg 1034w" sizes="auto, (max-width: 640px) 100vw, 640px" /><figcaption id="caption-attachment-1869" class="wp-caption-text">Garde 2023</figcaption></figure>
<hr />
<p class="s5" style="text-align: center;"><span class="s4">Das Gardeballett ist aus dem Verein schon lange nicht mehr wegzudenken und bringt jedes Jahr einen schwungvollen Tanz auf die Bühne.</span></p>
<p class="s5" style="text-align: center;"><span class="s4">Seit dem Jahr 2024 erstrahlen die Tänzerinnen und Tänzer mit ihren neuen Tanzuniformen in neuen Glanz.<br />
</span><span class="s4">Wer Lust hat sich unserer, jährlich weiter wachsenden Gruppe anzuschließen, ist herzlich eingeladen.</span></p>
<p class="s5" style="text-align: center;"><span class="s4">Wenn ihr noch Fragen habt, meldet uns gerne bei uns!</span><span class="s4"><br />
</span></p>
<p class="s5" style="text-align: center;"><span class="s4">Trainiert wird jeden Dienstag von 18:30 Uhr – 20:00 Uhr in der Berufsbildenden Schule in Andernach.</span></p>
<p class="s5" style="text-align: center;"><strong>Trainerinnen</strong>:</p>
<p class="s5" style="text-align: center;"><span class="s4">Insta: garde_rwh_andernach</span></p>
<p class="s5" style="text-align: center;"><span class="s4">Anna Moldenhauer: 0176-83083206<br />
</span>Nina Gerhard: 0173-4941703</p>
<p style="text-align: center;"><strong><a href="mailto:garde@rot-weisse-husaren.de">Mail schreiben</a></strong></p>
<p style="text-align: center;">Wir freuen uns auf euch!</p>
<hr />
<p style="text-align: center;"><img loading="lazy" decoding="async" class="aligncenter size-full wp-image-553" src="https://rot-weisse-husaren.de/wp-content/uploads/2022/11/IMG_4808.jpg" alt="" width="652" height="434" srcset="https://rot-weisse-husaren.de/wp-content/uploads/2022/11/IMG_4808.jpg 652w, https://rot-weisse-husaren.de/wp-content/uploads/2022/11/IMG_4808-300x200.jpg 300w" sizes="auto, (max-width: 652px) 100vw, 652px" /></p>

<p>Das Gardeballett ist aus dem Verein schon lange nicht mehr wegzudenken und bringt jedes Jahr einen schwungvollen Tanz auf die Bühne. Seit dem Jahr 2024 erstrahlen die Tänzerinnen und Tänzer [&hellip;]</p>
