{"id":572,"date":"2022-11-07T11:06:51","date_gmt":"2022-11-07T11:06:51","guid":{"rendered":"https:\/\/rot-weisse-husaren.de\/?page_id=572"},"modified":"2022-11-08T16:54:15","modified_gmt":"2022-11-08T16:54:15","slug":"jugendabteilung","status":"publish","type":"page","link":"https:\/\/rot-weisse-husaren.de\/?page_id=572","title":{"rendered":"Jugendabteilung"},"content":{"rendered":"<p style=\"text-align: center;\">Im Jahre 1972 wurde auf Betreiben des damaligen Tambourmajors der Rot-Wei\u00dfen-Husaren,\u00a0<strong>Georg Krickel<\/strong>\u00a0eine Jugendabteilung ins Leben gerufen, welche sich im Laufe der Jahre, mit nat\u00fcrlich immer wieder wechselnder Besetzung, bis zum heutigen Tage bestens bew\u00e4hrt hat. Sieben Jugendbetreuer k\u00fcmmern sich um die, doch vielf\u00e4ltigen Aufgaben dieser Abteilung. Unter der Leitung von\u00a0<strong>Sabrina Asbach<\/strong>\u00a0wirken hier des weiteren\u00a0<strong>Heribert Bersch, Gerd Mrosek<\/strong>,\u00a0<strong>Daniel Kr\u00fcg,\u00a0Michael Steil, Stephanie Kapp, Jennifer V\u00f6lkel<\/strong>\u00a0und\u00a0<strong>Marina Spurzem<\/strong>.<\/p>\n<p style=\"text-align: center;\">Die Aufgaben der Jugendbetreuer liegen nat\u00fcrlich in der Betreuung unseres Nachwuchses, bei Auftritten in der Karnevalssession (Umz\u00fcge, Fahrdienst, Sitzung etc.) aber auch bei Aktivit\u00e4ten des Korps, auch au\u00dferhalb Andernachs im lfd. Jahr, und wenn man dem Husarennachwuchs glauben darf, geschieht dies zu ihrer vollsten Zufriedenheit.<\/p>\n<p style=\"text-align: center;\">Spiel und Spa\u00df sollen nat\u00fcrlich bei den Junghusaren im Vordergrund stehen, und davon gibt es jede Menge beim j\u00e4hrlichen S\u00fcdstadtfest, als auch bei dem einmal im Jahr stattfindenden, mehrt\u00e4gigen Jugendlager, an welchem auch alle inaktiven Kids im Alter von 5-16 Jahren teilnehmen k\u00f6nnen. Nat\u00fcrlich bedarf es hierbei einer riesigen Vorbereitung, welche auch von allen gerne \u00fcbernommen wird, und umso sch\u00f6ner ist es dann am Ende eines solchen Jugendlagers, die Fragen zu beantworten:<\/p>\n<p style=\"text-align: center;\"><strong>\u201eWann fahren wir denn wieder?\u201c<\/strong><\/p>\n<p style=\"text-align: center;\">oder,<\/p>\n<p style=\"text-align: center;\"><strong>\u201eK\u00f6nnen wir im n\u00e4chsten Jahr nicht mal eine ganze Woche fahren?\u201c.<\/strong><\/p>\n<p style=\"text-align: center;\">Besonders hervor hebt sich unsere Jugendabteilung bei der traditionellen Weihnachtsfeier des Husarenkorps, welche fast ausschlie\u00dflich durch die Jugendlichen des Vereins gestaltet wird.<\/p>\n<p style=\"text-align: center;\">Sollte Euch das gefallen, was Ihr hier gelesen habt, so k\u00f6nnt Ihr mich, gerne anrufen oder mir eine E-Mail schreiben.<\/p>\n<p style=\"text-align: center;\">Bis bald vielleicht? Wir freuen uns auf Euch.<\/p>\n<p style=\"text-align: center;\">Eure\u00a0<strong>Sabrina\u00a0<\/strong>und Team<\/p>\n<p style=\"text-align: center;\"><strong>Sabrina Asbach\u00a0 Tel.:\u00a00 151 27 094 154<\/strong><\/p>\n<p style=\"text-align: center;\"><a href=\"mailto:jugendabteilung@rot-weisse-husaren.de\"><strong>E-Mail schreiben<\/strong><\/a><\/p>\n<hr \/>\n<figure id=\"attachment_573\" aria-describedby=\"caption-attachment-573\" style=\"width: 652px\" class=\"wp-caption aligncenter\"><img loading=\"lazy\" decoding=\"async\" class=\"size-full wp-image-573\" src=\"https:\/\/rot-weisse-husaren.de\/wp-content\/uploads\/2022\/11\/0000_hi.jpg\" alt=\"\" width=\"652\" height=\"488\" srcset=\"https:\/\/rot-weisse-husaren.de\/wp-content\/uploads\/2022\/11\/0000_hi.jpg 652w, https:\/\/rot-weisse-husaren.de\/wp-content\/uploads\/2022\/11\/0000_hi-300x225.jpg 300w\" sizes=\"auto, (max-width: 652px) 100vw, 652px\" \/><figcaption id=\"caption-attachment-573\" class=\"wp-caption-text\">Jugenlager 2010 in Pr\u00fcm \/ Eifel<\/figcaption><\/figure>\n","protected":false},"excerpt":{"rendered":"<p>Im Jahre 1972 wurde auf Betreiben des damaligen Tambourmajors der Rot-Wei\u00dfen-Husaren,\u00a0Georg Krickel\u00a0eine Jugendabteilung ins Leben gerufen, welche sich im Laufe der Jahre, mit nat\u00fcrlich immer wieder wechselnder Besetzung, bis zum [&hellip;]<\/p>\n","protected":false},"author":1,"featured_media":0,"parent":192,"menu_order":0,"comment_status":"closed","ping_status":"closed","template":"","meta":{"footnotes":""},"class_list":["post-572","page","type-page","status-publish","hentry","entry"],"_links":{"self":[{"href":"https:\/\/rot-weisse-husaren.de\/index.php?rest_route=\/wp\/v2\/pages\/572","targetHints":{"allow":["GET"]}}],"collection":[{"href":"https:\/\/rot-weisse-husaren.de\/index.php?rest_route=\/wp\/v2\/pages"}],"about":[{"href":"https:\/\/rot-weisse-husaren.de\/index.php?rest_route=\/wp\/v2\/types\/page"}],"author":[{"embeddable":true,"href":"https:\/\/rot-weisse-husaren.de\/index.php?rest_route=\/wp\/v2\/users\/1"}],"replies":[{"embeddable":true,"href":"https:\/\/rot-weisse-husaren.de\/index.php?rest_route=%2Fwp%2Fv2%2Fcomments&post=572"}],"version-history":[{"count":2,"href":"https:\/\/rot-weisse-husaren.de\/index.php?rest_route=\/wp\/v2\/pages\/572\/revisions"}],"predecessor-version":[{"id":801,"href":"https:\/\/rot-weisse-husaren.de\/index.php?rest_route=\/wp\/v2\/pages\/572\/revisions\/801"}],"up":[{"embeddable":true,"href":"https:\/\/rot-weisse-husaren.de\/index.php?rest_route=\/wp\/v2\/pages\/192"}],"wp:attachment":[{"href":"https:\/\/rot-weisse-husaren.de\/index.php?rest_route=%2Fwp%2Fv2%2Fmedia&parent=572"}],"curies":[{"name":"wp","href":"https:\/\/api.w.org\/{rel}","templated":true}]}}