{"id":679,"date":"2022-11-07T20:53:28","date_gmt":"2022-11-07T20:53:28","guid":{"rendered":"https:\/\/rot-weisse-husaren.de\/?page_id=679"},"modified":"2022-11-08T17:04:11","modified_gmt":"2022-11-08T17:04:11","slug":"weckenblaeser","status":"publish","type":"page","link":"https:\/\/rot-weisse-husaren.de\/?page_id=679","title":{"rendered":"Weckenbl\u00e4ser"},"content":{"rendered":"<p class=\"auto-style11\" style=\"text-align: center;\" align=\"center\"><span class=\"auto-style12\">Die Weckenbl\u00e4ser<\/span>\u00a0sind schon seit vielen Jahrzehnten ein fester Bestandteil in den Reihen der Rot-Wei\u00dfen-Husaren.<\/p>\n<p class=\"auto-style11\" style=\"text-align: center;\" align=\"center\">Ihre Aufgabe besteht darin am Rosenmontag die Jecken mit Trompeten- und Posaunenkl\u00e4ngen aus ihren Betten zu spielen. Bei der Regimentstochter der Rot-Wei\u00dfen Husaren wird in den fr\u00fchen Morgenstunden begonnen, die anschlie\u00dfend ein leckeres Fr\u00fchst\u00fcck bereit h\u00e4lt. Anschlie\u00dfend geht es gut gest\u00e4rkt zu verschiedenen Vereinsmitgliedern und G\u00f6nnern und zum Abschluss zum amtierenden Prinzenpaar zum Wecken, bevor sich dem Musikzug wieder angeschlossen wird um den Rosenmontagszug zu bestreiten.<\/p>\n<p class=\"auto-style11\" style=\"text-align: center;\" align=\"center\">Die Weckenbl\u00e4ser unterst\u00fctzen mit ihrem Engagement die Jugendarbeit im Verein, da alle Erl\u00f6se ihrer n\u00e4chtlichen und fr\u00fchmorgendlichen Aktivit\u00e4ten diesem guten Zweck zu Gute kommen.<\/p>\n<p class=\"auto-style11\" style=\"text-align: center;\" align=\"center\">Wenn auch Sie am Rosenmontag traditionell von der netten Truppe geweckt werden m\u00f6chten und damit die Husarenjugend unterst\u00fctzen m\u00f6chten, wenden sie sich an unten stehende E-Mailadresse oder telefonisch an:<\/p>\n<p class=\"auto-style11\" style=\"text-align: center;\" align=\"center\">Manuel Steil unter der 0179 \/ 475 7663<\/p>\n<p class=\"auto-style11\" style=\"text-align: center;\" align=\"center\">Am Rosenmontagstag erkennt man die Weckenbl\u00e4ser an ihrer Kopfbedeckung:<\/p>\n<p class=\"auto-style11\" style=\"text-align: center;\" align=\"center\">Anstatt des Husarenhutes ziert ihr Kopf eine &#8220;<b>Schlafm\u00fctze<\/b>&#8220;.<\/p>\n<p class=\"auto-style11\" style=\"text-align: center;\" align=\"center\">Im Jahre 2018 konnte man auf stolze 60 Jahre Weckenbl\u00e4ser zur\u00fcckschauen.\u00a0Zu diesem Jubil\u00e4um wurde vom Vorstand ein Sonderorden entworfen und den Weckenbl\u00e4sern zur Verf\u00fcgung gestellt, hiermit wurden langj\u00e4hrige, Treue G\u00f6nner und Begleiter ausgezeichnet. Dieser Orden wurde mit einer Auflage von nur 50 St\u00fcck hergestellt.<\/p>\n<p class=\"auto-style11\" style=\"text-align: center;\" align=\"center\">\u00a0Extra zu diesem Jubil\u00e4um kamen einige &#8220;ehemalige&#8221; Weckenbl\u00e4ser dazu: Heribert Bersch, Michael M\u00f6ller und Bernd Klink lie\u00dfen es sich nicht nehmen und Unterst\u00fctzten die Gruppe bei der Er\u00f6ffnung der Prunksitzung und auch am Rosenmontag. Mit so vielen Bl\u00e4sern hatte keiner gerechnet und bei dem Anblick in den fr\u00fchen Morgenstunden, und der \u00dcberraschung das auch die ehemaligen dabei sind, wurde so manches Freudentr\u00e4nchen verdr\u00fcckt. Vielen Dank an euch f\u00fcr die Unterst\u00fctzung, vielleicht hat ja doch der ein oder andere wieder Lust bekommen uns weiter zu Unterst\u00fctzen.<\/p>\n<h3 class=\"auto-style11\" style=\"text-align: center;\" align=\"center\">Die Aktuelle Besetzung der Weckenbl\u00e4ser:<\/h3>\n<p class=\"auto-style11\" style=\"text-align: center;\" align=\"center\">Manuel Steil seit 2000<\/p>\n<p class=\"auto-style11\" style=\"text-align: center;\" align=\"center\">Jennifer V\u00f6lkel seit 2006<\/p>\n<p class=\"auto-style11\" style=\"text-align: center;\" align=\"center\">Daniel Kr\u00fcg seit 2011<\/p>\n<p class=\"auto-style11\" style=\"text-align: center;\" align=\"center\">Silke Voss (geb.Weber) seit 2008<\/p>\n<p class=\"auto-style11\" style=\"text-align: center;\" align=\"center\">Marina Spurzem (geb. Steil) seit 2016<\/p>\n<p class=\"auto-style11\" style=\"text-align: center;\" align=\"center\">Sabrina Asbach (geb. V\u00f6lkel) seit 2016<\/p>\n<p class=\"auto-style11\" style=\"text-align: center;\" align=\"center\">Fahrer: Sascha Daverkausen seit 2017<\/p>\n<p class=\"auto-style11\" style=\"text-align: center;\" align=\"center\">Zur Geschichte:<b><\/b><\/p>\n<p class=\"auto-style11\" style=\"text-align: center;\" align=\"center\"><b>1958<\/b>\u00a0wurde\u00a0im damaligen Vereinslokal &#8220;<b>Zum Treuen Husar<\/b>&#8221; diese Gruppe in einer\u00a0 Bierlaune gegr\u00fcndet. So ging es dann erstmals im Jahre 1958 am Rosenmontagmorgen um 4.30 Uhr los. Aus dem Auto heraus wurde in den Stra\u00dfen von Andernach die Fanfarenkl\u00e4nge zu noch nachtschlafender Zeit den Anwohner dargebracht. Auch viele G\u00f6nner und Vereinsmitglieder wurden zu dieser fr\u00fchen Stunde geweckt. Danach ging es zu einem z\u00fcnftigen Fr\u00fchst\u00fcck in das Lebensmittell\u00e4dchen von\u00a0<b>Ruth Meyer<\/b>. F\u00fcr ihre Weckk\u00fcnste wurden die Weckenbl\u00e4ser mit einem kleiner Spende belohnt. Dieses Geld wurde damals f\u00fcr die Ausrichtung des Kinderkarnevals verwendet. Im Jahre <b>1973<\/b>\u00a0wurden die Weckenbl\u00e4ser erstmals mit einem von\u00a0<b>Heinrich Windorf<\/b>\u00a0eigens f\u00fcr sie angefertigten Orden ausgezeichnet, was dieser bis zu seinem Tod weiterf\u00fchrte und jeden Weckenbl\u00e4ser der diesen erhielt mit Stolz erf\u00fcllt. In den vielen Jahrzehnten waren immer wieder wechselnde Mitglieder in dieser Gruppe. Auch heute noch fahren die Weckenbl\u00e4ser zu Freunden und G\u00f6nnern, um diese am Rosenmontag mit schmissigen Trompetenkl\u00e4ngen aus den Federn\u00a0 zu\u00a0 holen.<\/p>\n<p class=\"auto-style11\" style=\"text-align: center;\" align=\"center\">Neue Mitglieder der Gruppe werden traditionell beim Fr\u00fchst\u00fcck bei der Regimentstochter am Morgen, mit speziellem Ritual getauft und tragen im ersten Jahr ein wei\u00dfes Nachthemd und erhalten ihre eigene &#8220;Schlafm\u00fctze&#8221;.<b><\/b><\/p>\n<p class=\"auto-style11\" style=\"text-align: center;\" align=\"center\"><span class=\"style1\"><b>Anfragen zu unseren Weckenbl\u00e4sern beantworten wir gerne per <\/b><\/span><strong><a href=\"mailto:weckenblaeser@rot-weisse-husaren.de\">Email<\/a>.<\/strong><\/p>\n<hr \/>\n<p style=\"text-align: center;\" align=\"center\"><img loading=\"lazy\" decoding=\"async\" class=\"aligncenter size-full wp-image-680\" src=\"https:\/\/rot-weisse-husaren.de\/wp-content\/uploads\/2022\/11\/Jubilaeumstour.jpeg\" alt=\"\" width=\"600\" height=\"449\" srcset=\"https:\/\/rot-weisse-husaren.de\/wp-content\/uploads\/2022\/11\/Jubilaeumstour.jpeg 600w, https:\/\/rot-weisse-husaren.de\/wp-content\/uploads\/2022\/11\/Jubilaeumstour-300x225.jpeg 300w\" sizes=\"auto, (max-width: 600px) 100vw, 600px\" \/><\/p>\n","protected":false},"excerpt":{"rendered":"<p>Die Weckenbl\u00e4ser\u00a0sind schon seit vielen Jahrzehnten ein fester Bestandteil in den Reihen der Rot-Wei\u00dfen-Husaren. Ihre Aufgabe besteht darin am Rosenmontag die Jecken mit Trompeten- und Posaunenkl\u00e4ngen aus ihren Betten zu [&hellip;]<\/p>\n","protected":false},"author":1,"featured_media":0,"parent":192,"menu_order":0,"comment_status":"closed","ping_status":"closed","template":"","meta":{"footnotes":""},"class_list":["post-679","page","type-page","status-publish","hentry","entry"],"_links":{"self":[{"href":"https:\/\/rot-weisse-husaren.de\/index.php?rest_route=\/wp\/v2\/pages\/679","targetHints":{"allow":["GET"]}}],"collection":[{"href":"https:\/\/rot-weisse-husaren.de\/index.php?rest_route=\/wp\/v2\/pages"}],"about":[{"href":"https:\/\/rot-weisse-husaren.de\/index.php?rest_route=\/wp\/v2\/types\/page"}],"author":[{"embeddable":true,"href":"https:\/\/rot-weisse-husaren.de\/index.php?rest_route=\/wp\/v2\/users\/1"}],"replies":[{"embeddable":true,"href":"https:\/\/rot-weisse-husaren.de\/index.php?rest_route=%2Fwp%2Fv2%2Fcomments&post=679"}],"version-history":[{"count":3,"href":"https:\/\/rot-weisse-husaren.de\/index.php?rest_route=\/wp\/v2\/pages\/679\/revisions"}],"predecessor-version":[{"id":811,"href":"https:\/\/rot-weisse-husaren.de\/index.php?rest_route=\/wp\/v2\/pages\/679\/revisions\/811"}],"up":[{"embeddable":true,"href":"https:\/\/rot-weisse-husaren.de\/index.php?rest_route=\/wp\/v2\/pages\/192"}],"wp:attachment":[{"href":"https:\/\/rot-weisse-husaren.de\/index.php?rest_route=%2Fwp%2Fv2%2Fmedia&parent=679"}],"curies":[{"name":"wp","href":"https:\/\/api.w.org\/{rel}","templated":true}]}}

Weckenbläser

<p class="auto-style11" style="text-align: center;" align="center"><span class="auto-style12">Die Weckenbläser</span> sind schon seit vielen Jahrzehnten ein fester Bestandteil in den Reihen der Rot-Weißen-Husaren.</p>
<p class="auto-style11" style="text-align: center;" align="center">Ihre Aufgabe besteht darin am Rosenmontag die Jecken mit Trompeten- und Posaunenklängen aus ihren Betten zu spielen. Bei der Regimentstochter der Rot-Weißen Husaren wird in den frühen Morgenstunden begonnen, die anschließend ein leckeres Frühstück bereit hält. Anschließend geht es gut gestärkt zu verschiedenen Vereinsmitgliedern und Gönnern und zum Abschluss zum amtierenden Prinzenpaar zum Wecken, bevor sich dem Musikzug wieder angeschlossen wird um den Rosenmontagszug zu bestreiten.</p>
<p class="auto-style11" style="text-align: center;" align="center">Die Weckenbläser unterstützen mit ihrem Engagement die Jugendarbeit im Verein, da alle Erlöse ihrer nächtlichen und frühmorgendlichen Aktivitäten diesem guten Zweck zu Gute kommen.</p>
<p class="auto-style11" style="text-align: center;" align="center">Wenn auch Sie am Rosenmontag traditionell von der netten Truppe geweckt werden möchten und damit die Husarenjugend unterstützen möchten, wenden sie sich an unten stehende E-Mailadresse oder telefonisch an:</p>
<p class="auto-style11" style="text-align: center;" align="center">Manuel Steil unter der 0179 / 475 7663</p>
<p class="auto-style11" style="text-align: center;" align="center">Am Rosenmontagstag erkennt man die Weckenbläser an ihrer Kopfbedeckung:</p>
<p class="auto-style11" style="text-align: center;" align="center">Anstatt des Husarenhutes ziert ihr Kopf eine &#8220;<b>Schlafmütze</b>&#8220;.</p>
<p class="auto-style11" style="text-align: center;" align="center">Im Jahre 2018 konnte man auf stolze 60 Jahre Weckenbläser zurückschauen. Zu diesem Jubiläum wurde vom Vorstand ein Sonderorden entworfen und den Weckenbläsern zur Verfügung gestellt, hiermit wurden langjährige, Treue Gönner und Begleiter ausgezeichnet. Dieser Orden wurde mit einer Auflage von nur 50 Stück hergestellt.</p>
<p class="auto-style11" style="text-align: center;" align="center"> Extra zu diesem Jubiläum kamen einige &#8220;ehemalige&#8221; Weckenbläser dazu: Heribert Bersch, Michael Möller und Bernd Klink ließen es sich nicht nehmen und Unterstützten die Gruppe bei der Eröffnung der Prunksitzung und auch am Rosenmontag. Mit so vielen Bläsern hatte keiner gerechnet und bei dem Anblick in den frühen Morgenstunden, und der Überraschung das auch die ehemaligen dabei sind, wurde so manches Freudentränchen verdrückt. Vielen Dank an euch für die Unterstützung, vielleicht hat ja doch der ein oder andere wieder Lust bekommen uns weiter zu Unterstützen.</p>
<h3 class="auto-style11" style="text-align: center;" align="center">Die Aktuelle Besetzung der Weckenbläser:</h3>
<p class="auto-style11" style="text-align: center;" align="center">Manuel Steil seit 2000</p>
<p class="auto-style11" style="text-align: center;" align="center">Jennifer Völkel seit 2006</p>
<p class="auto-style11" style="text-align: center;" align="center">Daniel Krüg seit 2011</p>
<p class="auto-style11" style="text-align: center;" align="center">Silke Voss (geb.Weber) seit 2008</p>
<p class="auto-style11" style="text-align: center;" align="center">Marina Spurzem (geb. Steil) seit 2016</p>
<p class="auto-style11" style="text-align: center;" align="center">Sabrina Asbach (geb. Völkel) seit 2016</p>
<p class="auto-style11" style="text-align: center;" align="center">Fahrer: Sascha Daverkausen seit 2017</p>
<p class="auto-style11" style="text-align: center;" align="center">Zur Geschichte:<b></b></p>
<p class="auto-style11" style="text-align: center;" align="center"><b>1958</b> wurde im damaligen Vereinslokal &#8220;<b>Zum Treuen Husar</b>&#8221; diese Gruppe in einer  Bierlaune gegründet. So ging es dann erstmals im Jahre 1958 am Rosenmontagmorgen um 4.30 Uhr los. Aus dem Auto heraus wurde in den Straßen von Andernach die Fanfarenklänge zu noch nachtschlafender Zeit den Anwohner dargebracht. Auch viele Gönner und Vereinsmitglieder wurden zu dieser frühen Stunde geweckt. Danach ging es zu einem zünftigen Frühstück in das Lebensmittellädchen von <b>Ruth Meyer</b>. Für ihre Weckkünste wurden die Weckenbläser mit einem kleiner Spende belohnt. Dieses Geld wurde damals für die Ausrichtung des Kinderkarnevals verwendet. Im Jahre <b>1973</b> wurden die Weckenbläser erstmals mit einem von <b>Heinrich Windorf</b> eigens für sie angefertigten Orden ausgezeichnet, was dieser bis zu seinem Tod weiterführte und jeden Weckenbläser der diesen erhielt mit Stolz erfüllt. In den vielen Jahrzehnten waren immer wieder wechselnde Mitglieder in dieser Gruppe. Auch heute noch fahren die Weckenbläser zu Freunden und Gönnern, um diese am Rosenmontag mit schmissigen Trompetenklängen aus den Federn  zu  holen.</p>
<p class="auto-style11" style="text-align: center;" align="center">Neue Mitglieder der Gruppe werden traditionell beim Frühstück bei der Regimentstochter am Morgen, mit speziellem Ritual getauft und tragen im ersten Jahr ein weißes Nachthemd und erhalten ihre eigene &#8220;Schlafmütze&#8221;.<b></b></p>
<p class="auto-style11" style="text-align: center;" align="center"><span class="style1"><b>Anfragen zu unseren Weckenbläsern beantworten wir gerne per </b></span><strong><a href="mailto:weckenblaeser@rot-weisse-husaren.de">Email</a>.</strong></p>
<hr />
<p style="text-align: center;" align="center"><img loading="lazy" decoding="async" class="aligncenter size-full wp-image-680" src="https://rot-weisse-husaren.de/wp-content/uploads/2022/11/Jubilaeumstour.jpeg" alt="" width="600" height="449" srcset="https://rot-weisse-husaren.de/wp-content/uploads/2022/11/Jubilaeumstour.jpeg 600w, https://rot-weisse-husaren.de/wp-content/uploads/2022/11/Jubilaeumstour-300x225.jpeg 300w" sizes="auto, (max-width: 600px) 100vw, 600px" /></p>

<p>Die Weckenbläser sind schon seit vielen Jahrzehnten ein fester Bestandteil in den Reihen der Rot-Weißen-Husaren. Ihre Aufgabe besteht darin am Rosenmontag die Jecken mit Trompeten- und Posaunenklängen aus ihren Betten zu [&hellip;]</p>
