{"id":819,"date":"2022-11-09T11:25:11","date_gmt":"2022-11-09T11:25:11","guid":{"rendered":"https:\/\/rot-weisse-husaren.de\/?page_id=819"},"modified":"2022-11-09T11:27:12","modified_gmt":"2022-11-09T11:27:12","slug":"1986-2","status":"publish","type":"page","link":"https:\/\/rot-weisse-husaren.de\/?page_id=819","title":{"rendered":"1986"},"content":{"rendered":"<figure id=\"attachment_823\" aria-describedby=\"caption-attachment-823\" style=\"width: 400px\" class=\"wp-caption aligncenter\"><img loading=\"lazy\" decoding=\"async\" class=\"size-full wp-image-823\" src=\"https:\/\/rot-weisse-husaren.de\/wp-content\/uploads\/2022\/11\/1986-Prinzenpaar.jpg\" alt=\"\" width=\"400\" height=\"553\" srcset=\"https:\/\/rot-weisse-husaren.de\/wp-content\/uploads\/2022\/11\/1986-Prinzenpaar.jpg 400w, https:\/\/rot-weisse-husaren.de\/wp-content\/uploads\/2022\/11\/1986-Prinzenpaar-217x300.jpg 217w\" sizes=\"auto, (max-width: 400px) 100vw, 400px\" \/><figcaption id=\"caption-attachment-823\" class=\"wp-caption-text\">Prinzenpaar 1986<\/figcaption><\/figure>\n<p style=\"text-align: center;\">Prinz Friedhelm II. (Friedhelm Stolzenberger)<br \/>\n\u201eVon der Eisernen Hand\u201c<\/p>\n<p style=\"text-align: center;\">Prinzessin Roswitha II. (Roswitha Gutjahr)<br \/>\n\u201eVon der K\u00f6nigstr\u00e4nke\u201c<\/p>\n<p>&nbsp;<\/p>\n<h3 style=\"text-align: center;\">Hofstaat:<\/h3>\n<p style=\"text-align: center;\">N\u00e4rrischer Kanzler Lambert (Lambert Arndt)<br \/>\n\u201evom Gut zur Nette\u201c<\/p>\n<p style=\"text-align: center;\">N\u00e4rrischer Schatzminister G\u00fcnter G\u00fcnter Kiesow)<br \/>\n\u201evon der Spress\u201c<\/p>\n<p style=\"text-align: center;\">N\u00e4rrischer Minister Thomas (Thomas Klemmer)<br \/>\n\u201evom silbernen Bariton\u201c<\/p>\n<p style=\"text-align: center;\">N\u00e4rrischer Hofnarr Peter (Peter Bodemann)<br \/>\n\u201evon der Schraube zum Stock\u201c<\/p>\n<p style=\"text-align: center;\">Hofdame Margret (Margret Kiesow)<br \/>\n\u201evon der klingenden Lyra\u201c<\/p>\n<p style=\"text-align: center;\">Hofdame Monika (Monika Klemmer)<br \/>\n\u201evon der Schumacher-Allee\u201c<\/p>\n<p style=\"text-align: center;\">Pagen:<br \/>\nPage Peter (Peter Brakonier) und Page Bianca (Bianca Gutjahr)<\/p>\n<p style=\"text-align: center;\">Adjutanten:<br \/>\nHeribert Zins (Stadtsoldaten), Dieter Scharnbach (Prinzengarde),<br \/>\nJ\u00fcrgen Deb\u00f6ser (Prinzengarde), Hans-Peter Klein (Blaue Funken)<\/p>\n<hr \/>\n<figure id=\"attachment_822\" aria-describedby=\"caption-attachment-822\" style=\"width: 300px\" class=\"wp-caption aligncenter\"><img loading=\"lazy\" decoding=\"async\" class=\"size-full wp-image-822\" src=\"https:\/\/rot-weisse-husaren.de\/wp-content\/uploads\/2022\/11\/1986-Orden.jpg\" alt=\"\" width=\"300\" height=\"362\" srcset=\"https:\/\/rot-weisse-husaren.de\/wp-content\/uploads\/2022\/11\/1986-Orden.jpg 300w, https:\/\/rot-weisse-husaren.de\/wp-content\/uploads\/2022\/11\/1986-Orden-249x300.jpg 249w\" sizes=\"auto, (max-width: 300px) 100vw, 300px\" \/><figcaption id=\"caption-attachment-822\" class=\"wp-caption-text\">Prinzenorden 1986<\/figcaption><\/figure>\n","protected":false},"excerpt":{"rendered":"<p>Prinz Friedhelm II. (Friedhelm Stolzenberger) \u201eVon der Eisernen Hand\u201c Prinzessin Roswitha II. (Roswitha Gutjahr) \u201eVon der K\u00f6nigstr\u00e4nke\u201c &nbsp; Hofstaat: N\u00e4rrischer Kanzler Lambert (Lambert Arndt) \u201evom Gut zur Nette\u201c N\u00e4rrischer Schatzminister G\u00fcnter G\u00fcnter Kiesow) \u201evon der Spress\u201c N\u00e4rrischer Minister Thomas (Thomas Klemmer) \u201evom silbernen Bariton\u201c N\u00e4rrischer Hofnarr Peter (Peter Bodemann) \u201evon der Schraube zum Stock\u201c Hofdame [&hellip;]<\/p>\n","protected":false},"author":1,"featured_media":0,"parent":532,"menu_order":0,"comment_status":"closed","ping_status":"closed","template":"","meta":{"footnotes":""},"class_list":["post-819","page","type-page","status-publish","hentry","entry"],"_links":{"self":[{"href":"https:\/\/rot-weisse-husaren.de\/index.php?rest_route=\/wp\/v2\/pages\/819","targetHints":{"allow":["GET"]}}],"collection":[{"href":"https:\/\/rot-weisse-husaren.de\/index.php?rest_route=\/wp\/v2\/pages"}],"about":[{"href":"https:\/\/rot-weisse-husaren.de\/index.php?rest_route=\/wp\/v2\/types\/page"}],"author":[{"embeddable":true,"href":"https:\/\/rot-weisse-husaren.de\/index.php?rest_route=\/wp\/v2\/users\/1"}],"replies":[{"embeddable":true,"href":"https:\/\/rot-weisse-husaren.de\/index.php?rest_route=%2Fwp%2Fv2%2Fcomments&post=819"}],"version-history":[{"count":4,"href":"https:\/\/rot-weisse-husaren.de\/index.php?rest_route=\/wp\/v2\/pages\/819\/revisions"}],"predecessor-version":[{"id":825,"href":"https:\/\/rot-weisse-husaren.de\/index.php?rest_route=\/wp\/v2\/pages\/819\/revisions\/825"}],"up":[{"embeddable":true,"href":"https:\/\/rot-weisse-husaren.de\/index.php?rest_route=\/wp\/v2\/pages\/532"}],"wp:attachment":[{"href":"https:\/\/rot-weisse-husaren.de\/index.php?rest_route=%2Fwp%2Fv2%2Fmedia&parent=819"}],"curies":[{"name":"wp","href":"https:\/\/api.w.org\/{rel}","templated":true}]}}