{"id":948,"date":"2025-10-09T00:00:23","date_gmt":"2025-10-08T23:00:23","guid":{"rendered":"https:\/\/rot-weisse-husaren.de\/?page_id=948"},"modified":"2026-02-07T13:13:56","modified_gmt":"2026-02-07T12:13:56","slug":"shop","status":"publish","type":"page","link":"https:\/\/rot-weisse-husaren.de\/?page_id=948","title":{"rendered":"Reservierung von Sitzungskarten der Prunksitzungen"},"content":{"rendered":"<h2>Reservierung von Sitzungskarten der Prunksitzungen<\/h2>\n<p>Hier k\u00f6nnen Sie f\u00fcr unsere Prunksitzungen, kostenpflichtig, Karten reservieren und bezahlen. Bitte beachten Sie, dass online kein bestimmter Sitzplatz garantiert werden kann. Sollten Sie einen speziellen Tisch bzw. Sitzplatz w\u00fcnschen, tragen Sie dies gerne im Hinweisfeld ein. Wenn wir Ihren Wunsch umsetzen k\u00f6nnen, machen wir das sehr gerne.<\/p>\n<p>Alternativ k\u00f6nnen Sie die Karten beim Kartenvorverkauf, am 8.11.2025 um 18:11 Uhr im &#8220;K\u00f6nig in der City&#8221;, erwerben und Ihren gew\u00fcnschten Sitzplatz direkt festlegen, sollte dieser noch verf\u00fcgbar sein.<\/p>\n<hr \/>\n<p>Die Sitzungen sind ausverkauft. Wir freuen uns auf Ihren Besuch im n\u00e4chsten Jahr.<\/p>\n","protected":false},"excerpt":{"rendered":"<p>Reservierung von Sitzungskarten der Prunksitzungen Hier k\u00f6nnen Sie f\u00fcr unsere Prunksitzungen, kostenpflichtig, Karten reservieren und bezahlen. Bitte beachten Sie, dass online kein bestimmter Sitzplatz garantiert werden kann. Sollten Sie einen [&hellip;]<\/p>\n","protected":false},"author":1,"featured_media":0,"parent":2933,"menu_order":0,"comment_status":"closed","ping_status":"closed","template":"","meta":{"footnotes":""},"class_list":["post-948","page","type-page","status-publish","hentry","entry"],"_links":{"self":[{"href":"https:\/\/rot-weisse-husaren.de\/index.php?rest_route=\/wp\/v2\/pages\/948","targetHints":{"allow":["GET"]}}],"collection":[{"href":"https:\/\/rot-weisse-husaren.de\/index.php?rest_route=\/wp\/v2\/pages"}],"about":[{"href":"https:\/\/rot-weisse-husaren.de\/index.php?rest_route=\/wp\/v2\/types\/page"}],"author":[{"embeddable":true,"href":"https:\/\/rot-weisse-husaren.de\/index.php?rest_route=\/wp\/v2\/users\/1"}],"replies":[{"embeddable":true,"href":"https:\/\/rot-weisse-husaren.de\/index.php?rest_route=%2Fwp%2Fv2%2Fcomments&post=948"}],"version-history":[{"count":10,"href":"https:\/\/rot-weisse-husaren.de\/index.php?rest_route=\/wp\/v2\/pages\/948\/revisions"}],"predecessor-version":[{"id":3156,"href":"https:\/\/rot-weisse-husaren.de\/index.php?rest_route=\/wp\/v2\/pages\/948\/revisions\/3156"}],"up":[{"embeddable":true,"href":"https:\/\/rot-weisse-husaren.de\/index.php?rest_route=\/wp\/v2\/pages\/2933"}],"wp:attachment":[{"href":"https:\/\/rot-weisse-husaren.de\/index.php?rest_route=%2Fwp%2Fv2%2Fmedia&parent=948"}],"curies":[{"name":"wp","href":"https:\/\/api.w.org\/{rel}","templated":true}]}}